- -11) + -21 - -24 - (60 - (2 + -2))?
-70
6 - (3 + -134 + 1 - (-15 - 3))
118
What is the value of -22 + 2 - ((117 - 47 - 30) + 41)?
-101
Evaluate 15 - 135 - (55 + -126).
-49
Evaluate -49 + 2 + -43 + 46.
-44
(6 - 0) + (-3 - 78) + (-9 - -18) + -3
-69
What is the value of -18 + -10 + (-4 - ((6 - 13) + 0))?
-25
Calculate (-22 - 15) + -39 + 15 - 28.
-89
What is (-1 + 5 + -11 - -7) + 17 + -1?
16
What is the value of 32 - (-6 + 15 + 9) - 2?
12
What is 0 + (11 - 8) - (-5 - 12 - 8)?
28
Calculate -172 - (-52 + 77 + -117).
-80
What is 13 + (-15 - -3) + -21 + -8?
-28
What is the value of (36 - 40 - -71) + (-13 - 2)?
52
Calculate (-193 - -199) + -34 + -2 + 4.
-26
Calculate 5 + (4 - 22) - (6 + 12 + -6).
-25
Calculate 13 + -14 + 16 + 11 + (-12 - -7).
21
Evaluate (23 - 9) + (-7 + -3 + 1 - -35).
40
(38 - 37) + (-13 - -9 - ((1 - -71) + 3))
-78
What is the value of -62 + (-2 + 10 - 14) + 22 - 16?
-62
Evaluate -10 - (-60 - (6 + -8 + -9)).
39
Calculate (-123 - -274) + 3 + -3 + -35.
116
Evaluate -15 - (-1 - -61) - -51.
-24
-4 + (1 - -11) + (-22 - -20) + (-26 - -7)
-13
Evaluate 3 + (-7 - (5 + -2)) - (-26 + (-20 - -85)).
-46
What is the value of -29 - (-35 - (-9 + 42))?
39
What is the value of -38 + 64 - (-7 + 58)?
-25
-18 + (6 - (42 - -1)) + (0 - -17)
-38
Calculate -47 - -13 - (-7 + 18).
-45
What is (-1 - 14) + (40 + 81 - 77)?
29
Evaluate (2843 - 2910) + -2 + 0 + 16.
-53
What is the value of 0 - 0 - (1498 + -1482)?
-16
-5 - (2 + 13 + 4) - (25 - (-51 - -88))
-12
What is the value of 39 - ((-15 - (9 - 39)) + -25)?
49
What is the value of (17 - 1) + (354 - 376) + 6 + -103?
-103
267 - 195 - (-10 + 22 + -40)
100
What is the value of -3 - 1 - (-4 - (-8 + (-18 - -23)) - 2)?
-1
Evaluate (-25 - 8) + (-265 - -254).
-44
What is (19 - (9 + -9 - -11)) + 10?
18
-2942 + 2855 + 49 + 0
-38
((7 - 23) + 4 - (12 + 20)) + -5 + -4
-53
Calculate -14 + -67 - (-37 + -31 + 21).
-34
Evaluate -22 + 35 + (2 - 5) + 55 - 9.
56
What is 60 - 1 - (288 + -293 - (4 + 2 + 0))?
70
Calculate -35 - (89 - (43 + 31)).
-50
What is (-4 - (22 - 40)) + (26 - 67)?
-27
Calculate (2 - 1) + -43 - (934 - 941) - -10.
-25
-147 + 254 - (143 + -28)
-8
Evaluate -24 + 19 + (48 - 26) + -85.
-68
5 + 13 + -3 - (-2 + 3) - (12 + -9)
11
Calculate 38 - ((39 - 18 - 18) + -13 + 0 + -1).
49
-1738 + 1772 + -46 + 0
-12
-15 + 59 + -98 + 67
13
Evaluate -42 + 78 - ((0 - 2) + -3 + 3 + 1).
37
What is the value of (-5892 - -5970) + 1 + -122?
-43
What is the value of 0 + (7 - (-8 + 21 + -6) - 74)?
-74
What is the value of (206 - 229) + -26 + 14?
-35
Evaluate -3 - (-6 + 0 + 2 - (-1 - 15)).
-15
Evaluate (0 - (0 + -2)) + 294 + -301 - -15.
10
What is (-17 - -15) + 2 + 12 + -6 + -22?
-16
What is the value of (-1 + -15 + 10 - (-1 - 9)) + -7 + -49?
-52
What is -2 + 8 + 9 + (-5 - -14 - 8) + -7?
9
Evaluate -1 + 8 + -32 + 16 + 64.
55
Evaluate (-11 - -1) + -1 + 11 + -1 + 47 + -15.
31
Evaluate 20 + -2 - ((-547 - -526) + 16 + 1).
22
Evaluate -92 + (20 - (-1 + 6 - 17)).
-60
Calculate 5 + -41 - (-15 + -15).
-6
What is the value of 83 - (-13 + -7 - (0 - (-7 + 7)))?
103
Calculate 1 + (1 - 1) + -54 + 34 + (1 - 40).
-58
What is 45 + (-14 - 3 - ((-23 - -22) + -23))?
52
Evaluate -25 + 89 - (6 - 0 - (96 + -102)).
52
Calculate -2597 - -2625 - (-1 + 32 - -4).
-7
Calculate (0 - (-6 - -7) - -15) + -28 + -74.
-88
Calculate -117 + 55 - 3 - -48.
-17
14 - (-3 - (4 - 8) - (51 + -46))
18
What is 19 + 2 + 7 + (-97 - -113)?
44
What is 33 - 39 - (-24 - -55)?
-37
(-3 - -10) + 0 + -5 - ((12 - 6) + -27)
23
6 + (96 - (35 - -97))
-30
Evaluate 14 + -1 - (-19 - (-49 + (17 - -1) - -10)).
11
What is the value of -13 + -21 + (-53 - -12 - 5)?
-80
What is the value of (1 + -1 + 16 - -18) + 16 + -6?
44
Evaluate 0 + 1 + (-208 - (-47 - 26)).
-134
Calculate -31 + -20 + (8 + -9 - -24).
-28
Evaluate (70 - (20 - 5 - -14)) + -5.
36
-15 + (-6 - (3 + -24) - 2)
-2
What is 23 - ((-623 - -594) + (40 - 0))?
12
Evaluate ((-2 + -1 - -2) + 67 - -2) + (-34642 - -34652).
78
Evaluate (-164 - (-160 + 101)) + 158.
53
-1 - 13 - (2536 - 2505 - (0 - 39))
-84
What is the value of -1 - 68 - (-26873 - -26785)?
19
What is -94 + 33 + (13 - 39) + 25?
-62
Calculate (-3 - -5) + -1 + (-524 - -547).
24
What is 107 + (46 - 150 - -11)?
14
(1 - -1) + (4784 - 4759)
27
-1 + 47 + (-207 + 90 - -115)
44
15 - ((-26 - -11) + 28)
2
What is 8 + (0 - (-3 - -4)) + (25 - 61)?
-29
Calculate (59 - 28) + (-27 - -68) - 38.
34
17 + 0 - (-862 - -915)
-36
Evaluate (8 - (-1 + -51 + 7)) + (5 - 7) + 4.
55
Evaluate -55 + 29 + (22 - 21) + -21.
-46
Calculate -25 - 1 - (-68 + 63) - (52 + -1).
-72
Evaluate 34 + -9 + 9 + 7 + -8.
33
Calculate 6 + (10 + (17 - (-26 - -2)) - (5 + -3)).
55
Evaluate (62 - 91 - -13) + (-3 - (-151 + 4)).
128
Evaluate -10 + (43 + 144 - 167 - (-1 + 2 - -10)).
-1
Evaluate (24 - (-15 - -2)) + -47 - ((-1 - 0) + 23).
-32
Calculate 52 - -5 - 22 - 17.
18
What is the value of -55 + 22 + 33 + -72?
-72
Calculate 0 + -19 + -67 + 113 + 18 + -37.
8
Calculate -85 - (-100 + 55 + -124).
84
(34 - -25) + (-37 - -21)
43
What is (30 - 36) + (0 + (3 - -4) - 38) - 9?
-46
Evaluate 6 - (-6 + 7 - 6) - (17 + -25 + -28).
47
What is the value of -30 + (116 - (-26 - -68))?
44
What is 0 + -13 - (12 - 17) - (-15 + -30 - 35)?
72
What is the value of 67 + 12 + (-8 + 0 - 6) + -1?
64
What is the value of -56 + 16 + (-121 - -114)?
-47
What is 193 - -16 - (149 - 15)?
75
Evaluate (2 - 14) + 7 + (-189 + 128 - (-9 + -1)).
-56
What is the value of 110 + (127 - 230) - (-1 + 0 + 3)?
5
What is the value of 11 + (-18 + 8 - -4 - -15)?
20
Evaluate 1 - -15 - (-3 - (-10 - -5)) - (611 + -707).
110
(135 - (63 + 70)) + -50 + 0
-48
Evaluate 11 + (-1 - -9 - (-292 - -301)) + -61.
-51
16 + 1 + 367 + -402 + 18
0
What is -12 - (-9 + 17 + -22 - -5 - 90)?
87
Calculate -628 - -638 - (2 - -7).
1
Calculate -6 + (86 + -33 - ((-18 - -3) + 7)).
55
What is the value of 20 + (2 + (6 - 21) - (15 - (12 - -7)))?
11
Evaluate 51 + -107 + 45 + -47 + 40.
-18
What is -288 + 270 - (-3 - (-8 + -1))?
-24
What is the value of 58 - (2 + -8 - (-1 - 23 - (145 - 157)))?
52
What is (-47 - (61 - 48)) + 54?
-6
73 - (18 + -9 - (108 - 114))
58
What is the value of -16 - -3 - (-7 - -18 - (26 - 7))?
-5
Evaluate (-19 - -3) + (-70 + 15 - -43).
-28
Calculate (-63 - (7 + -4)) + (-666 - -648).
-84
What is 14 - ((1 - -3) + (40 - 22) + -9)?
1
-59 - (-219 - (149 - 283))
26
41 + (-9 - (47 + -27))
12
What is (-67 - (-2 - 90)) + -5?
20
What is the value of (0 - 0) + -13 - (187 - 172)?
-28
Calculate 230 + (62 + 12 - 182).
122
Calculate (3 - (8 - 19 - -10) - -3) + -38.
-31
Evaluate 14 + 11 + -13 + 9 - 10 - 13.
-2
What is the value of 83 - (-3 + 59 + 334 + -349)?
42
Calculate (-115 + -21 - 63) + 101.
-98
What is the value of (-40 - 76) + (102 - -26)?
12
-18 - (2 + -2 - -11 - (109 - 108))
-28
What is the value of 14137 + -14249 - (-34 - 0)?
-78
(33 + (3 - 26) - -44) + -7
47
-61 - -101 - -32 - 35
37
Calculate -39 + (-3 - (-1 + 9 + -13)) + -8.
-45
Calculate (17 - -97) + 9 + (34 - 66).
91
What is 9 + ((6 - 14) + -11 - -24)?
14
What is -4 + (-24 - (13 + (-6 - -8)))?
-43
Calculate 52 - (14 + 17 + 17).
4
Evaluate -19 + (30 - -11) - (27 + 2 + 5).
-12
1 + (-9 - -2) - (32 + (24 - 13 - 37))
-12
Evaluate -267 + 299 + (-36 - 12 - -2).
-14
What is the value of (-90 - -34 - 65) + (18 - 8)?
-111
What is the value of 59 + (-61 - (88 + 51))?
-141
What is the value of (19 - -30) + -44 + -1 + (14 - (-2 - -4))?
16
Evaluate -15 + -2 + -18 + 10 + -4.
-29
What is (17 - 19) + (111 + -97 - (-10 - (0 + -2)))?
20
19468 - 19437 - (31 - 1)
1
What is -7 + (1 + (-7 - -23) - 6) - (-26 + 28)?
2
What is the value of (1 + -7 + 9 - -42) + (14 - -13) + -17?
55
Evaluate 21 + 72 - 63 - -31.
61
Evaluate (-10 + 15 - -49) + -21 - 19.
14
What is the value of ((0 + 10 - 18) + 13 - -8) + 104?
117
Evaluate (-1619 - -1612) + (-1 + (2 - 11) - 2 - 2).
-21
116 - 90 - (-19 + (5 - 5))
45
What is 70 - (92 + -20 + 56)?
-58
(0 - -2 - -47) + (9 - 92) + 103
69
What is the value of 27 + 25 + 26 + (-6 - 44)?
28
What is the value of (1 - 42) + (-5561 - -5637)?
35
Calculate 7 - ((22 - -18 - -4) + -23).
-14
What is the value of (-39 - -47 - 6) + 49?
51
(72 - 27) + (-56 - 9)
-20
Calculate -3 + 4 + 83 + -260 + 260 - -5.
89
What is the value of -104 + (115 - -4 - 36)?
-21
What is the value of 17 + (-18 - -11) + -16 + -31?
-37
Calculate -21 + -27 + (88 - 32).
8
What is -5 - -13 - (184 - 181